{"id":1663,"date":"2018-11-20T23:07:58","date_gmt":"2018-11-20T22:07:58","guid":{"rendered":"http:\/\/perspectiv.org\/vudici\/series\/amour-maternel\/"},"modified":"2025-07-20T14:03:02","modified_gmt":"2025-07-20T13:03:02","slug":"amour-maternel","status":"publish","type":"page","link":"https:\/\/perspectiv.org\/vudici\/series\/amour-maternel\/","title":{"rendered":"Amour maternel"},"content":{"rendered":"<h1 style=\"text-align: center;\"><strong>Amour maternel<\/strong><\/h1>\n<p>Une fille et sa m\u00e8re. Une m\u00e8re et sa fille.<br \/>\nEssayer d&rsquo;exprimer, au-del\u00e0 des mots, l&rsquo;amour si particulier qui unit ces deux \u00eatres.<\/p>\nngg_shortcode_0_placeholder\n","protected":false},"excerpt":{"rendered":"<p>Amour maternel Une fille et sa m\u00e8re. Une m\u00e8re et sa fille. Essayer d&rsquo;exprimer, au-del\u00e0 des mots, l&rsquo;amour si particulier qui unit ces deux \u00eatres.<\/p>\n","protected":false},"author":1,"featured_media":0,"parent":1641,"menu_order":0,"comment_status":"closed","ping_status":"closed","template":"","meta":{"content-type":"","_mo_disable_npp":"","ngg_post_thumbnail":0,"jetpack_post_was_ever_published":false,"footnotes":""},"class_list":["post-1663","page","type-page","status-publish","hentry","no-post-thumbnail","post-grid-2-col","entry"],"jetpack_sharing_enabled":true,"jetpack_shortlink":"https:\/\/wp.me\/Pataty-qP","jetpack-related-posts":[],"_links":{"self":[{"href":"https:\/\/perspectiv.org\/vudici\/wp-json\/wp\/v2\/pages\/1663","targetHints":{"allow":["GET"]}}],"collection":[{"href":"https:\/\/perspectiv.org\/vudici\/wp-json\/wp\/v2\/pages"}],"about":[{"href":"https:\/\/perspectiv.org\/vudici\/wp-json\/wp\/v2\/types\/page"}],"author":[{"embeddable":true,"href":"https:\/\/perspectiv.org\/vudici\/wp-json\/wp\/v2\/users\/1"}],"replies":[{"embeddable":true,"href":"https:\/\/perspectiv.org\/vudici\/wp-json\/wp\/v2\/comments?post=1663"}],"version-history":[{"count":4,"href":"https:\/\/perspectiv.org\/vudici\/wp-json\/wp\/v2\/pages\/1663\/revisions"}],"predecessor-version":[{"id":2559,"href":"https:\/\/perspectiv.org\/vudici\/wp-json\/wp\/v2\/pages\/1663\/revisions\/2559"}],"up":[{"embeddable":true,"href":"https:\/\/perspectiv.org\/vudici\/wp-json\/wp\/v2\/pages\/1641"}],"wp:attachment":[{"href":"https:\/\/perspectiv.org\/vudici\/wp-json\/wp\/v2\/media?parent=1663"}],"curies":[{"name":"wp","href":"https:\/\/api.w.org\/{rel}","templated":true}]}}