{"id":1666,"date":"2018-11-20T23:10:28","date_gmt":"2018-11-20T22:10:28","guid":{"rendered":"http:\/\/perspectiv.org\/vudici\/series\/dans-la-brume-electrique-2\/"},"modified":"2025-07-20T14:04:31","modified_gmt":"2025-07-20T13:04:31","slug":"dans-la-brume-electrique-2","status":"publish","type":"page","link":"https:\/\/perspectiv.org\/vudici\/series\/dans-la-brume-electrique-2\/","title":{"rendered":"Dans la brume \u00e9lectrique"},"content":{"rendered":"<h1 style=\"text-align: center;\"><strong>Dans la brume \u00e9lectrique<\/strong><\/h1>\n<p>&nbsp;<\/p>\n<p>Accompagn\u00e9 des enfants et de leur trottinette, j&rsquo;ai d\u00e9couvert un nouvel espace dans ce parc que nous fr\u00e9quentions.<br \/>\nDes brumes sortant de terre m&rsquo;ont inspir\u00e9 cette s\u00e9rie.<\/p>\n<p>&nbsp;<\/p>\nngg_shortcode_0_placeholder\n","protected":false},"excerpt":{"rendered":"<p>Dans la brume \u00e9lectrique &nbsp; Accompagn\u00e9 des enfants et de leur trottinette, j&rsquo;ai d\u00e9couvert un nouvel espace dans ce parc que nous fr\u00e9quentions. Des brumes sortant de terre m&rsquo;ont inspir\u00e9 cette s\u00e9rie. &nbsp;<\/p>\n","protected":false},"author":1,"featured_media":0,"parent":1641,"menu_order":0,"comment_status":"closed","ping_status":"closed","template":"","meta":{"content-type":"","_mo_disable_npp":"","ngg_post_thumbnail":0,"jetpack_post_was_ever_published":false,"footnotes":""},"class_list":["post-1666","page","type-page","status-publish","hentry","no-post-thumbnail","post-grid-2-col","entry"],"jetpack_sharing_enabled":true,"jetpack_shortlink":"https:\/\/wp.me\/Pataty-qS","jetpack-related-posts":[],"_links":{"self":[{"href":"https:\/\/perspectiv.org\/vudici\/wp-json\/wp\/v2\/pages\/1666","targetHints":{"allow":["GET"]}}],"collection":[{"href":"https:\/\/perspectiv.org\/vudici\/wp-json\/wp\/v2\/pages"}],"about":[{"href":"https:\/\/perspectiv.org\/vudici\/wp-json\/wp\/v2\/types\/page"}],"author":[{"embeddable":true,"href":"https:\/\/perspectiv.org\/vudici\/wp-json\/wp\/v2\/users\/1"}],"replies":[{"embeddable":true,"href":"https:\/\/perspectiv.org\/vudici\/wp-json\/wp\/v2\/comments?post=1666"}],"version-history":[{"count":6,"href":"https:\/\/perspectiv.org\/vudici\/wp-json\/wp\/v2\/pages\/1666\/revisions"}],"predecessor-version":[{"id":2561,"href":"https:\/\/perspectiv.org\/vudici\/wp-json\/wp\/v2\/pages\/1666\/revisions\/2561"}],"up":[{"embeddable":true,"href":"https:\/\/perspectiv.org\/vudici\/wp-json\/wp\/v2\/pages\/1641"}],"wp:attachment":[{"href":"https:\/\/perspectiv.org\/vudici\/wp-json\/wp\/v2\/media?parent=1666"}],"curies":[{"name":"wp","href":"https:\/\/api.w.org\/{rel}","templated":true}]}}

Dans la brume électrique

<h1 style="text-align: center;"><strong>Dans la brume électrique</strong></h1>
<p>&nbsp;</p>
<p>Accompagné des enfants et de leur trottinette, j&rsquo;ai découvert un nouvel espace dans ce parc que nous fréquentions.<br />
Des brumes sortant de terre m&rsquo;ont inspiré cette série.</p>
<p>&nbsp;</p>
ngg_shortcode_0_placeholder

<p>Dans la brume électrique &nbsp; Accompagné des enfants et de leur trottinette, j&rsquo;ai découvert un nouvel espace dans ce parc que nous fréquentions. Des brumes sortant de terre m&rsquo;ont inspiré cette série. &nbsp;</p>
