{"id":1672,"date":"2018-11-20T23:12:32","date_gmt":"2018-11-20T22:12:32","guid":{"rendered":"http:\/\/perspectiv.org\/vudici\/series\/color-in-park\/"},"modified":"2025-07-20T14:03:57","modified_gmt":"2025-07-20T13:03:57","slug":"color-in-park","status":"publish","type":"page","link":"https:\/\/perspectiv.org\/vudici\/series\/color-in-park\/","title":{"rendered":"Color in Park"},"content":{"rendered":"<p>Je me suis toujours demand\u00e9 o\u00f9 le grand Jacques Tati garait sa Renault 4L de <em>Trafic<\/em>.<br \/>\nJe crois que j&rsquo;ai trouv\u00e9 : c&rsquo;est dans ce parking.<\/p>\nngg_shortcode_0_placeholder\n","protected":false},"excerpt":{"rendered":"<p>Je me suis toujours demand\u00e9 o\u00f9 le grand Jacques Tati garait sa Renault 4L de Trafic. Je crois que j&rsquo;ai trouv\u00e9 : c&rsquo;est dans ce parking.<\/p>\n","protected":false},"author":1,"featured_media":0,"parent":1641,"menu_order":0,"comment_status":"closed","ping_status":"closed","template":"","meta":{"content-type":"","_mo_disable_npp":"","ngg_post_thumbnail":0,"jetpack_post_was_ever_published":false,"footnotes":""},"class_list":["post-1672","page","type-page","status-publish","hentry","no-post-thumbnail","post-grid-2-col","entry"],"jetpack_sharing_enabled":true,"jetpack_shortlink":"https:\/\/wp.me\/Pataty-qY","jetpack-related-posts":[],"_links":{"self":[{"href":"https:\/\/perspectiv.org\/vudici\/wp-json\/wp\/v2\/pages\/1672","targetHints":{"allow":["GET"]}}],"collection":[{"href":"https:\/\/perspectiv.org\/vudici\/wp-json\/wp\/v2\/pages"}],"about":[{"href":"https:\/\/perspectiv.org\/vudici\/wp-json\/wp\/v2\/types\/page"}],"author":[{"embeddable":true,"href":"https:\/\/perspectiv.org\/vudici\/wp-json\/wp\/v2\/users\/1"}],"replies":[{"embeddable":true,"href":"https:\/\/perspectiv.org\/vudici\/wp-json\/wp\/v2\/comments?post=1672"}],"version-history":[{"count":3,"href":"https:\/\/perspectiv.org\/vudici\/wp-json\/wp\/v2\/pages\/1672\/revisions"}],"predecessor-version":[{"id":2560,"href":"https:\/\/perspectiv.org\/vudici\/wp-json\/wp\/v2\/pages\/1672\/revisions\/2560"}],"up":[{"embeddable":true,"href":"https:\/\/perspectiv.org\/vudici\/wp-json\/wp\/v2\/pages\/1641"}],"wp:attachment":[{"href":"https:\/\/perspectiv.org\/vudici\/wp-json\/wp\/v2\/media?parent=1672"}],"curies":[{"name":"wp","href":"https:\/\/api.w.org\/{rel}","templated":true}]}}

<p>Je me suis toujours demandé où le grand Jacques Tati garait sa Renault 4L de <em>Trafic</em>.<br />
Je crois que j&rsquo;ai trouvé : c&rsquo;est dans ce parking.</p>
ngg_shortcode_0_placeholder

<p>Je me suis toujours demandé où le grand Jacques Tati garait sa Renault 4L de Trafic. Je crois que j&rsquo;ai trouvé : c&rsquo;est dans ce parking.</p>
