{"id":1675,"date":"2018-11-20T23:13:37","date_gmt":"2018-11-20T22:13:37","guid":{"rendered":"http:\/\/perspectiv.org\/vudici\/series\/saturday-night-fever\/"},"modified":"2025-07-20T14:11:06","modified_gmt":"2025-07-20T13:11:06","slug":"saturday-night-fever","status":"publish","type":"page","link":"https:\/\/perspectiv.org\/vudici\/series\/saturday-night-fever\/","title":{"rendered":"Saturday night fever"},"content":{"rendered":"<h1 style=\"text-align: center;\"><strong>Saturday night fever<\/strong><\/h1>\n<p>&nbsp;<\/p>\n<p>Un dimanche matin, dans la ville, quand les folies de la veille ont cess\u00e9 mais ne sont pas totalement \u00e9vapor\u00e9es.<br \/>\nMarcher sans but, l&rsquo;oeil grand ouvert.<\/p>\nngg_shortcode_0_placeholder\n","protected":false},"excerpt":{"rendered":"<p>Saturday night fever &nbsp; Un dimanche matin, dans la ville, quand les folies de la veille ont cess\u00e9 mais ne sont pas totalement \u00e9vapor\u00e9es. Marcher sans but, l&rsquo;oeil grand ouvert.<\/p>\n","protected":false},"author":1,"featured_media":0,"parent":1641,"menu_order":0,"comment_status":"closed","ping_status":"closed","template":"","meta":{"content-type":"","_mo_disable_npp":"","ngg_post_thumbnail":0,"jetpack_post_was_ever_published":false,"footnotes":""},"class_list":["post-1675","page","type-page","status-publish","hentry","no-post-thumbnail","post-grid-2-col","entry"],"jetpack_sharing_enabled":true,"jetpack_shortlink":"https:\/\/wp.me\/Pataty-r1","jetpack-related-posts":[],"_links":{"self":[{"href":"https:\/\/perspectiv.org\/vudici\/wp-json\/wp\/v2\/pages\/1675","targetHints":{"allow":["GET"]}}],"collection":[{"href":"https:\/\/perspectiv.org\/vudici\/wp-json\/wp\/v2\/pages"}],"about":[{"href":"https:\/\/perspectiv.org\/vudici\/wp-json\/wp\/v2\/types\/page"}],"author":[{"embeddable":true,"href":"https:\/\/perspectiv.org\/vudici\/wp-json\/wp\/v2\/users\/1"}],"replies":[{"embeddable":true,"href":"https:\/\/perspectiv.org\/vudici\/wp-json\/wp\/v2\/comments?post=1675"}],"version-history":[{"count":2,"href":"https:\/\/perspectiv.org\/vudici\/wp-json\/wp\/v2\/pages\/1675\/revisions"}],"predecessor-version":[{"id":2570,"href":"https:\/\/perspectiv.org\/vudici\/wp-json\/wp\/v2\/pages\/1675\/revisions\/2570"}],"up":[{"embeddable":true,"href":"https:\/\/perspectiv.org\/vudici\/wp-json\/wp\/v2\/pages\/1641"}],"wp:attachment":[{"href":"https:\/\/perspectiv.org\/vudici\/wp-json\/wp\/v2\/media?parent=1675"}],"curies":[{"name":"wp","href":"https:\/\/api.w.org\/{rel}","templated":true}]}}

<h1 style="text-align: center;"><strong>Saturday night fever</strong></h1>
<p>&nbsp;</p>
<p>Un dimanche matin, dans la ville, quand les folies de la veille ont cessé mais ne sont pas totalement évaporées.<br />
Marcher sans but, l&rsquo;oeil grand ouvert.</p>
ngg_shortcode_0_placeholder

<p>Saturday night fever &nbsp; Un dimanche matin, dans la ville, quand les folies de la veille ont cessé mais ne sont pas totalement évaporées. Marcher sans but, l&rsquo;oeil grand ouvert.</p>
