{"id":2,"date":"2012-11-01T17:23:05","date_gmt":"2012-11-01T16:23:05","guid":{"rendered":"http:\/\/perspectiv.org\/vudici\/?page_id=2"},"modified":"2018-11-23T10:28:08","modified_gmt":"2018-11-23T09:28:08","slug":"apropos","status":"publish","type":"page","link":"https:\/\/perspectiv.org\/vudici\/apropos\/","title":{"rendered":"A propos"},"content":{"rendered":"<figure id=\"attachment_1724\" aria-describedby=\"caption-attachment-1724\" style=\"width: 300px\" class=\"wp-caption alignright\"><a href=\"https:\/\/perspectiv.org\/vudici\/wp-content\/uploads\/2018\/11\/img11.jpg\"><img loading=\"lazy\" decoding=\"async\" class=\"wp-image-1724 size-medium\" src=\"https:\/\/perspectiv.org\/vudici\/wp-content\/uploads\/2018\/11\/img11-300x199.jpg\" alt=\"\" width=\"300\" height=\"199\" srcset=\"https:\/\/perspectiv.org\/vudici\/wp-content\/uploads\/2018\/11\/img11-300x199.jpg 300w, https:\/\/perspectiv.org\/vudici\/wp-content\/uploads\/2018\/11\/img11-768x509.jpg 768w, https:\/\/perspectiv.org\/vudici\/wp-content\/uploads\/2018\/11\/img11.jpg 900w\" sizes=\"auto, (max-width: 300px) 100vw, 300px\" \/><\/a><figcaption id=\"caption-attachment-1724\" class=\"wp-caption-text\">Belvoir<\/figcaption><\/figure>\n<p style=\"text-align: justify;\">Faire partager \u00e0 d&rsquo;autres, \u00e9gar\u00e9s ou curieux, quelques instants photographiques.<\/p>\n<p style=\"text-align: justify;\">D\u00e9vorer des photos, celles des autres \u00e9videmment, est ce qui aiguise mon regard. Je prends souvent beaucoup de plaisir \u00e0 d\u00e9couvrir les clich\u00e9s d&rsquo;amateurs ou les oeuvres des maitres. Offrir les miennes aux regards des autres, en essayant de garder l&rsquo;esprit des s\u00e9ries et l&rsquo;\u00e9clectisme qui m&rsquo;animent, d\u00e9clencher une r\u00e9action, un sourire, une interrogation, m&rsquo;ont conduit \u00e0 cr\u00e9er ce blog.<\/p>\n<blockquote><p>J&rsquo;esp\u00e8re que vous aimerez ce que vous y trouverez; certainement que vous pr\u00e9f\u00e8rerez certaines photos \u00e0 d&rsquo;autres. Les noirs et blancs aux couleurs, les portraits aux paysages, les \u00ab\u00a0instants d\u00e9cisifs\u00a0\u00bb aux architectures. N&rsquo;h\u00e9sitez pas \u00e0 le dire, n&rsquo;h\u00e9sitez pas non plus \u00e0 dire quand vous n&rsquo;aimez pas et pourquoi.<\/p><\/blockquote>\n<p style=\"text-align: justify;\">Je ne m&rsquo;attarderai pas sur la technique (pour ceux que cela int\u00e9resse les exif donneront l&rsquo;essentiel), j&rsquo;essayerai de vous faire partager l&rsquo;\u00e9motion, celle du d\u00e9clencheur o\u00f9 tout se joue, celle du d\u00e9veloppement o\u00f9&nbsp;tout se r\u00e9v\u00e8le.&nbsp;J&rsquo;essayerai \u00e0 l&rsquo;aide de quelques mots, les miens ou ceux des autres, de vous faire ressentir pourquoi cette vue ou pourquoi ce moment.<\/p>\n<blockquote><p>Voil\u00e0 ! Je crois que l&rsquo;essentiel est dit. Place aux \u00e9motions !<\/p><\/blockquote>\n","protected":false},"excerpt":{"rendered":"<p>Faire partager \u00e0 d&rsquo;autres, \u00e9gar\u00e9s ou curieux, quelques instants photographiques. D\u00e9vorer des photos, celles des autres \u00e9videmment, est ce qui aiguise mon regard. Je prends souvent beaucoup de plaisir \u00e0 d\u00e9couvrir les clich\u00e9s d&rsquo;amateurs ou les oeuvres des maitres. Offrir les miennes aux regards des autres, en essayant de garder l&rsquo;esprit des s\u00e9ries et l&rsquo;\u00e9clectisme&hellip;<\/p>\n","protected":false},"author":1,"featured_media":0,"parent":0,"menu_order":0,"comment_status":"closed","ping_status":"closed","template":"","meta":{"content-type":"","_mo_disable_npp":"","ngg_post_thumbnail":0,"jetpack_post_was_ever_published":false,"footnotes":""},"class_list":["post-2","page","type-page","status-publish","hentry","no-post-thumbnail","post-grid-2-col","entry"],"jetpack_sharing_enabled":true,"jetpack_shortlink":"https:\/\/wp.me\/Pataty-2","jetpack-related-posts":[],"_links":{"self":[{"href":"https:\/\/perspectiv.org\/vudici\/wp-json\/wp\/v2\/pages\/2","targetHints":{"allow":["GET"]}}],"collection":[{"href":"https:\/\/perspectiv.org\/vudici\/wp-json\/wp\/v2\/pages"}],"about":[{"href":"https:\/\/perspectiv.org\/vudici\/wp-json\/wp\/v2\/types\/page"}],"author":[{"embeddable":true,"href":"https:\/\/perspectiv.org\/vudici\/wp-json\/wp\/v2\/users\/1"}],"replies":[{"embeddable":true,"href":"https:\/\/perspectiv.org\/vudici\/wp-json\/wp\/v2\/comments?post=2"}],"version-history":[{"count":38,"href":"https:\/\/perspectiv.org\/vudici\/wp-json\/wp\/v2\/pages\/2\/revisions"}],"predecessor-version":[{"id":1938,"href":"https:\/\/perspectiv.org\/vudici\/wp-json\/wp\/v2\/pages\/2\/revisions\/1938"}],"wp:attachment":[{"href":"https:\/\/perspectiv.org\/vudici\/wp-json\/wp\/v2\/media?parent=2"}],"curies":[{"name":"wp","href":"https:\/\/api.w.org\/{rel}","templated":true}]}}

<figure id="attachment_1724" aria-describedby="caption-attachment-1724" style="width: 300px" class="wp-caption alignright"><a href="https://perspectiv.org/vudici/wp-content/uploads/2018/11/img11.jpg"><img loading="lazy" decoding="async" class="wp-image-1724 size-medium" src="https://perspectiv.org/vudici/wp-content/uploads/2018/11/img11-300x199.jpg" alt="" width="300" height="199" srcset="https://perspectiv.org/vudici/wp-content/uploads/2018/11/img11-300x199.jpg 300w, https://perspectiv.org/vudici/wp-content/uploads/2018/11/img11-768x509.jpg 768w, https://perspectiv.org/vudici/wp-content/uploads/2018/11/img11.jpg 900w" sizes="auto, (max-width: 300px) 100vw, 300px" /></a><figcaption id="caption-attachment-1724" class="wp-caption-text">Belvoir</figcaption></figure>
<p style="text-align: justify;">Faire partager à d&rsquo;autres, égarés ou curieux, quelques instants photographiques.</p>
<p style="text-align: justify;">Dévorer des photos, celles des autres évidemment, est ce qui aiguise mon regard. Je prends souvent beaucoup de plaisir à découvrir les clichés d&rsquo;amateurs ou les oeuvres des maitres. Offrir les miennes aux regards des autres, en essayant de garder l&rsquo;esprit des séries et l&rsquo;éclectisme qui m&rsquo;animent, déclencher une réaction, un sourire, une interrogation, m&rsquo;ont conduit à créer ce blog.</p>
<blockquote><p>J&rsquo;espère que vous aimerez ce que vous y trouverez; certainement que vous préfèrerez certaines photos à d&rsquo;autres. Les noirs et blancs aux couleurs, les portraits aux paysages, les « instants décisifs » aux architectures. N&rsquo;hésitez pas à le dire, n&rsquo;hésitez pas non plus à dire quand vous n&rsquo;aimez pas et pourquoi.</p></blockquote>
<p style="text-align: justify;">Je ne m&rsquo;attarderai pas sur la technique (pour ceux que cela intéresse les exif donneront l&rsquo;essentiel), j&rsquo;essayerai de vous faire partager l&rsquo;émotion, celle du déclencheur où tout se joue, celle du développement où&nbsp;tout se révèle.&nbsp;J&rsquo;essayerai à l&rsquo;aide de quelques mots, les miens ou ceux des autres, de vous faire ressentir pourquoi cette vue ou pourquoi ce moment.</p>
<blockquote><p>Voilà ! Je crois que l&rsquo;essentiel est dit. Place aux émotions !</p></blockquote>

<p>Faire partager à d&rsquo;autres, égarés ou curieux, quelques instants photographiques. Dévorer des photos, celles des autres évidemment, est ce qui aiguise mon regard. Je prends souvent beaucoup de plaisir à découvrir les clichés d&rsquo;amateurs ou les oeuvres des maitres. Offrir les miennes aux regards des autres, en essayant de garder l&rsquo;esprit des séries et l&rsquo;éclectisme&hellip;</p>
