{"id":2618,"date":"2025-08-17T21:25:50","date_gmt":"2025-08-17T20:25:50","guid":{"rendered":"https:\/\/perspectiv.org\/vudici\/?page_id=2618"},"modified":"2025-08-17T21:43:22","modified_gmt":"2025-08-17T20:43:22","slug":"timeo-danaos-et-dona-ferentes","status":"publish","type":"page","link":"https:\/\/perspectiv.org\/vudici\/series\/timeo-danaos-et-dona-ferentes\/","title":{"rendered":"Timeo Danaos et dona ferentes"},"content":{"rendered":"<h1 style=\"text-align: center;\"><strong>Timeo Danaos et dona ferentes<\/strong><\/h1>\n<p>&nbsp;<\/p>\n<p>Il est en Corse une plage particuli\u00e8re&#8230; Une plage juste \u00e0 c\u00f4t\u00e9 d&rsquo;un ancien centre de vacances d\u00e9saffect\u00e9, avec une devise grav\u00e9e pour l&rsquo;\u00e9ternit\u00e9&nbsp; <em>Timeo Danaos et dona ferentes.<\/em><\/p>\n<p>ngg_shortcode_0_placeholder<em>&nbsp;<\/em><\/p>\n","protected":false},"excerpt":{"rendered":"<p>Timeo Danaos et dona ferentes &nbsp; Il est en Corse une plage particuli\u00e8re&#8230; Une plage juste \u00e0 c\u00f4t\u00e9 d&rsquo;un ancien centre de vacances d\u00e9saffect\u00e9, avec une devise grav\u00e9e pour l&rsquo;\u00e9ternit\u00e9&nbsp; Timeo Danaos et dona ferentes. &nbsp;<\/p>\n","protected":false},"author":1,"featured_media":0,"parent":1641,"menu_order":0,"comment_status":"closed","ping_status":"closed","template":"","meta":{"content-type":"","_mo_disable_npp":"","ngg_post_thumbnail":0,"jetpack_post_was_ever_published":false,"footnotes":""},"class_list":["post-2618","page","type-page","status-publish","hentry","no-post-thumbnail","post-grid-2-col","entry"],"jetpack_sharing_enabled":true,"jetpack_shortlink":"https:\/\/wp.me\/Pataty-Ge","jetpack-related-posts":[],"_links":{"self":[{"href":"https:\/\/perspectiv.org\/vudici\/wp-json\/wp\/v2\/pages\/2618","targetHints":{"allow":["GET"]}}],"collection":[{"href":"https:\/\/perspectiv.org\/vudici\/wp-json\/wp\/v2\/pages"}],"about":[{"href":"https:\/\/perspectiv.org\/vudici\/wp-json\/wp\/v2\/types\/page"}],"author":[{"embeddable":true,"href":"https:\/\/perspectiv.org\/vudici\/wp-json\/wp\/v2\/users\/1"}],"replies":[{"embeddable":true,"href":"https:\/\/perspectiv.org\/vudici\/wp-json\/wp\/v2\/comments?post=2618"}],"version-history":[{"count":6,"href":"https:\/\/perspectiv.org\/vudici\/wp-json\/wp\/v2\/pages\/2618\/revisions"}],"predecessor-version":[{"id":2643,"href":"https:\/\/perspectiv.org\/vudici\/wp-json\/wp\/v2\/pages\/2618\/revisions\/2643"}],"up":[{"embeddable":true,"href":"https:\/\/perspectiv.org\/vudici\/wp-json\/wp\/v2\/pages\/1641"}],"wp:attachment":[{"href":"https:\/\/perspectiv.org\/vudici\/wp-json\/wp\/v2\/media?parent=2618"}],"curies":[{"name":"wp","href":"https:\/\/api.w.org\/{rel}","templated":true}]}}

<h1 style="text-align: center;"><strong>Timeo Danaos et dona ferentes</strong></h1>
<p>&nbsp;</p>
<p>Il est en Corse une plage particulière&#8230; Une plage juste à côté d&rsquo;un ancien centre de vacances désaffecté, avec une devise gravée pour l&rsquo;éternité&nbsp; <em>Timeo Danaos et dona ferentes.</em></p>
<p>ngg_shortcode_0_placeholder<em>&nbsp;</em></p>

<p>Timeo Danaos et dona ferentes &nbsp; Il est en Corse une plage particulière&#8230; Une plage juste à côté d&rsquo;un ancien centre de vacances désaffecté, avec une devise gravée pour l&rsquo;éternité&nbsp; Timeo Danaos et dona ferentes. &nbsp;</p>
