{"id":2666,"date":"2025-08-18T16:59:08","date_gmt":"2025-08-18T15:59:08","guid":{"rendered":"https:\/\/perspectiv.org\/vudici\/?page_id=2666"},"modified":"2025-08-18T17:09:40","modified_gmt":"2025-08-18T16:09:40","slug":"tourner-la-plage","status":"publish","type":"page","link":"https:\/\/perspectiv.org\/vudici\/series\/tourner-la-plage\/","title":{"rendered":"Tourner la plage"},"content":{"rendered":"<h1 style=\"text-align: center;\"><strong>Tourner la plage<\/strong><\/h1>\n<p>&nbsp;<\/p>\n<blockquote><p>Au bout d&rsquo;un moment, je suis retourn\u00e9 vers la plage et je me suis mis \u00e0 marcher.<br \/>\nC&rsquo;\u00e9tait le m\u00eame \u00e9clatement rouge. Sur le sable, la mer haletait de toute la respiration rapide et \u00e9touff\u00e9e de ses petites vagues. Je marchais lentement vers les rochers et je sentais mon front se gonfler sous le soleil. Toute cette chaleur s&rsquo;appuyait sur moi et s&rsquo;opposait \u00e0 mon avance. Et chaque fois que je sentais son grand souffle chaud sur mon visage, je serrais les dents, je fermais les poings dans les poches de mon pantalon, je me tendais tout entier pour triompher du soleil et de cette ivresse opaque qu&rsquo;il me d\u00e9versait. \u00c0 chaque \u00e9p\u00e9e de lumi\u00e8re jaillie du sable, d&rsquo;un coquillage blanchi ou d&rsquo;un d\u00e9bris de verre, mes m\u00e2choires se crispaient. J&rsquo;ai march\u00e9 longtemps.<br \/>\nJe voyais de loin la petite masse sombre du rocher entour\u00e9e d&rsquo;un halo aveuglant par la lumi\u00e8re et la poussi\u00e8re de mer. Je pensais \u00e0 la source fra\u00eeche derri\u00e8re le rocher. J&rsquo;avais envie de retrouver le murmure de son eau, envie de fuir le soleil, l&rsquo;effort et les pleurs de femme, envie enfin de retrouver l&rsquo;ombre et son repos.<\/p>\n<h2 style=\"padding-left: 60px;\"><strong>Albert Camus<\/strong><\/h2>\n<p style=\"padding-left: 90px;\">L&rsquo;\u00e9tranger<\/p>\n<\/blockquote>\nngg_shortcode_0_placeholder\n","protected":false},"excerpt":{"rendered":"<p>Tourner la plage &nbsp; Au bout d&rsquo;un moment, je suis retourn\u00e9 vers la plage et je me suis mis \u00e0 marcher. C&rsquo;\u00e9tait le m\u00eame \u00e9clatement rouge. Sur le sable, la mer haletait de toute la respiration rapide et \u00e9touff\u00e9e de ses petites vagues. Je marchais lentement vers les rochers et je sentais mon front se&hellip;<\/p>\n","protected":false},"author":1,"featured_media":0,"parent":1641,"menu_order":0,"comment_status":"closed","ping_status":"closed","template":"","meta":{"content-type":"","_mo_disable_npp":"","ngg_post_thumbnail":0,"jetpack_post_was_ever_published":false,"footnotes":""},"class_list":["post-2666","page","type-page","status-publish","hentry","no-post-thumbnail","post-grid-2-col","entry"],"jetpack_sharing_enabled":true,"jetpack_shortlink":"https:\/\/wp.me\/Pataty-H0","jetpack-related-posts":[],"_links":{"self":[{"href":"https:\/\/perspectiv.org\/vudici\/wp-json\/wp\/v2\/pages\/2666","targetHints":{"allow":["GET"]}}],"collection":[{"href":"https:\/\/perspectiv.org\/vudici\/wp-json\/wp\/v2\/pages"}],"about":[{"href":"https:\/\/perspectiv.org\/vudici\/wp-json\/wp\/v2\/types\/page"}],"author":[{"embeddable":true,"href":"https:\/\/perspectiv.org\/vudici\/wp-json\/wp\/v2\/users\/1"}],"replies":[{"embeddable":true,"href":"https:\/\/perspectiv.org\/vudici\/wp-json\/wp\/v2\/comments?post=2666"}],"version-history":[{"count":6,"href":"https:\/\/perspectiv.org\/vudici\/wp-json\/wp\/v2\/pages\/2666\/revisions"}],"predecessor-version":[{"id":2674,"href":"https:\/\/perspectiv.org\/vudici\/wp-json\/wp\/v2\/pages\/2666\/revisions\/2674"}],"up":[{"embeddable":true,"href":"https:\/\/perspectiv.org\/vudici\/wp-json\/wp\/v2\/pages\/1641"}],"wp:attachment":[{"href":"https:\/\/perspectiv.org\/vudici\/wp-json\/wp\/v2\/media?parent=2666"}],"curies":[{"name":"wp","href":"https:\/\/api.w.org\/{rel}","templated":true}]}}

<h1 style="text-align: center;"><strong>Tourner la plage</strong></h1>
<p>&nbsp;</p>
<blockquote><p>Au bout d&rsquo;un moment, je suis retourné vers la plage et je me suis mis à marcher.<br />
C&rsquo;était le même éclatement rouge. Sur le sable, la mer haletait de toute la respiration rapide et étouffée de ses petites vagues. Je marchais lentement vers les rochers et je sentais mon front se gonfler sous le soleil. Toute cette chaleur s&rsquo;appuyait sur moi et s&rsquo;opposait à mon avance. Et chaque fois que je sentais son grand souffle chaud sur mon visage, je serrais les dents, je fermais les poings dans les poches de mon pantalon, je me tendais tout entier pour triompher du soleil et de cette ivresse opaque qu&rsquo;il me déversait. À chaque épée de lumière jaillie du sable, d&rsquo;un coquillage blanchi ou d&rsquo;un débris de verre, mes mâchoires se crispaient. J&rsquo;ai marché longtemps.<br />
Je voyais de loin la petite masse sombre du rocher entourée d&rsquo;un halo aveuglant par la lumière et la poussière de mer. Je pensais à la source fraîche derrière le rocher. J&rsquo;avais envie de retrouver le murmure de son eau, envie de fuir le soleil, l&rsquo;effort et les pleurs de femme, envie enfin de retrouver l&rsquo;ombre et son repos.</p>
<h2 style="padding-left: 60px;"><strong>Albert Camus</strong></h2>
<p style="padding-left: 90px;">L&rsquo;étranger</p>
</blockquote>
ngg_shortcode_0_placeholder

<p>Tourner la plage &nbsp; Au bout d&rsquo;un moment, je suis retourné vers la plage et je me suis mis à marcher. C&rsquo;était le même éclatement rouge. Sur le sable, la mer haletait de toute la respiration rapide et étouffée de ses petites vagues. Je marchais lentement vers les rochers et je sentais mon front se&hellip;</p>
